 q**3 + 6*q**2 - q - 5. Let p be j(-6). Calculate the greatest common divisor of p and m.
1
Let t = 0 - 1. Let a be t*(-4)/2*1. Calculate the highest common factor of 22 and a.
2
Let k be (-4)/(-16) - (-102)/8. Suppose -4*r - 4*x = -r - 21, -4*r + 4*x = 0. Suppose -2*y + 29 = r. What is the highest common divisor of y and k?
13
Suppose -121 = -4*w + 3. Calculate the greatest common factor of w and 93.
31
Let w be 1 + 57 - -1*2. Suppose 0*c = -c. Suppose 3*f - 33 - 12 = c. Calculate the highest common divisor of f and w.
15
Let h(z) = z - 10. Let o be h(9). Let b be -1 - 3 - -7 - o. What is the greatest common factor of b and 1?
1
Let p = 27 + -53. Let b = -48 - -86. Let a = b + p. What is the highest common divisor of 132 and a?
12
Suppose 4*f = -0 + 16. Let u(b) = 2*b - 6*b + 0 + f + 3*b. Let a be u(-5). Calculate the greatest common divisor of 63 and a.
9
Suppose 0*l + 32 = 4*l. Let p(i) = i**2 + 2*i. Let c be p(2). What is the greatest common divisor of l and c?
8
Suppose 0 = -3*c + 4*c - 10. What is the greatest common divisor of c and 10?
10
Let s(c) = c**3 + 7*c**2 - c + 3. Let i be s(-6). Let b = 5 + i. Calculate the greatest common divisor of b and 20.
10
Let u(m) = -m**3 - 8*m**2 - 8*m - 3. Let w be u(-7). Suppose -d + 36 = -2*c, -2*d - 2*d = -c - 172. What is the highest common divisor of d and w?
4
Suppose -12 = -3*r - 0*r. Suppose r*o - 4*p = 5*o - 20, -28 = -o - 2*p. Calculate the highest common divisor of o and 12.
12
Suppose -l - 8 = -5*l. Let o be -1*7/2*l. Let u = o - -11. What is the greatest common divisor of 4 and u?
4
Let q be 3/(-5) - (-837)/45. Calculate the greatest common divisor of q and 45.
9
Suppose -9*m + 80 = m. Calculate the greatest common factor of 56 and m.
8
Let s(j) = -j**3 - 10*j**2 - 5*j - 2. Let d(x) = -x**2. Let r(n) = 3*d(n) - s(n). Let q be r(-4). Calculate the highest common divisor of 15 and q.
15
Let j(s) = -s**3 + 9*s**2 - 4*s - 6. Let t be j(7). Suppose 5*k = 2*k - 9. Let b be 8*((2 - -2) + k). Calculate the highest common divisor of t and b.
8
Let z(w) = w**3 + 6*w**2 + 1. Let u be z(-6). Let c be (-9)/(-2) + u/(-2). Calculate the greatest common divisor of 28 and c.
4
Suppose j + 3*g = 12, g + 4*g = 15. Suppose -2*t - 3*w = w - 864, j*w = -12. Suppose -d + t = 4*d. Calculate the greatest common factor of 8 and d.
8
Let l = 55 + -22. What is the highest common divisor of 231 and l?
33
Let a(q) = 5*q**2 + 11*q - 10. Let m be a(5). What is the greatest common factor of m and 34?
34
Let c(a) = 3*a**2 + 1. Let g be c(-1). Suppose 0 = -2*d - 5*j + 51, 77 = g*d + 6*j - j. Calculate the greatest common factor of 39 and d.
13
Let h(k) = -3*k - 2. Let l be h(-10). Calculate the greatest common factor of l and 112.
28
Let q = -27 + 54. Let o = 49 - q. Calculate the highest common factor of 154 and o.
22
Suppose -2*m = -2*k + 472, -2*k + 5*m + 232 = -255. What is the greatest common divisor of 21 and k?
21
Let g be 33 - (2 + -6) - 4. Suppose -2*y + 2*h = -12, -4*y + 2*h + 18 = -0*h. What is the greatest common divisor of y and g?
3
Let d(h) = -6*h**2 + 3*h + 15*h**2 - 11 - 7*h + h**3 + 2*h. Let u be d(-9). Calculate the highest common factor of 56 and u.
7
Let u(c) = -7*c**2. Let p be u(-1). Let q = p + 14. What is the greatest common divisor of 28 and q?
7
Let q(b) = b**3 + 7*b**2 - 8*b + 4. Let u be q(-8). Let o(v) = -17*v + 4 - 7*v + u. Let z be o(-9). Calculate the highest common divisor of z and 28.
28
Suppose -60 = -3*o + 48. What is the highest common divisor of o and 4?
4
Suppose 0 = -2*v + 3*y - 7 + 32, 0 = v - 3*y - 11. Let p = -77 + 147. Calculate the highest common divisor of v and p.
14
Suppose 5*f = -0*f + 5, 1 = j - 3*f. Suppose 24 = y - 3*q, 0 = -y - j*q - 0*q + 31. What is the highest common factor of 3 and y?
3
Let t = 24 - 8. Let i = -53 - -229. What is the greatest common divisor of i and t?
16
Let k(s) = 138*s**2. Let j be k(1). Let o = j + -94. What is the greatest common factor of o and 22?
22
Let o = -9 - -14. Suppose o*a - 4 = f, a = 2*a - 2. Let g = 4 - -2. Calculate the highest common divisor of g and f.
6
Suppose d + d = 72. Let l(f) = -3*f**2 + 3*f + 4. Let a be l(4). Let b = 56 + a. Calculate the highest common factor of b and d.
12
Let s be (-81)/(-2) + (-3)/(-6). Suppose -11 - 18 = -o + 3*n, -4*o - 3*n = -s. Calculate the greatest common divisor of o and 42.
14
Suppose -10*b + 4 = -6*b. Let l be (-8)/(-16) + (-34)/(-4). What is the highest common divisor of b and l?
1
Let u = -18 + 25. Let d(p) = -p**2 + 8*p + 3. Let r be d(u). Let v be (10/3)/((-2)/(-6)). Calculate the greatest common factor of v and r.
10
Suppose -3*m - 3 = 3. Let r(p) = -4*p - 1. Let q be r(m). Let v = 178 + -122. What is the greatest common divisor of v and q?
7
Suppose i = 2*j - 49, j - 3*j = -5*i - 61. Suppose 4*h - 5*h = -92. Suppose a - 2*a = -h. What is the greatest common factor of a and j?
23
Suppose 2*g - 3*n + 10 = 2, -5*g - 10 = -5*n. Let c be (g - 2) + 198 + 0. Calculate the greatest common divisor of c and 22.
22
Suppose 122 = 5*h + 2*o, -3*h - o + 73 = -0*o. Let x(p) = -p - 1. Let c be x(-8). Suppose 3*l - c*l = -64. What is the highest common factor of l and h?
8
Let z = -28 + 44. What is the greatest common factor of 144 and z?
16
Let x(t) = t**2 + 7*t + 7. Let f be x(-7). Suppose -s + f = -2*w + 3*w, w - 3 = 0. Calculate the greatest common divisor of s and 12.
4
Suppose -44 = -5*n + r - 2*r, n - r - 4 = 0. What is the greatest common divisor of n and 12?
4
Let f = 8 - 3. Let m(q) = f - 6 + 3*q + q**2 - 5. Let d be m(4). Calculate the greatest common factor of d and 33.
11
Let b = -13 + 31. Calculate the greatest common divisor of 27 and b.
9
Let p(o) = 32*o**2 + 2*o + 2. Let j be 3/2*(-12)/9. Let k be p(j). What is the highest common divisor of k and 14?
14
Suppose 3*v + 4*m - 13 = 25, -5*v = 3*m - 56. Suppose g - 2*g + v = 0. What is the highest common factor of g and 50?
10
Let u(r) = -2*r**2 - 15*r - 14. Let a be u(-6). What is the highest common divisor of 1 and a?
1
Suppose 6 = -2*g, -3*d + 6*d + 12 = -5*g. Let q be 15/d*(-22)/(-6). What is the highest common factor of 5 and q?
5
Let d be (28/(-70))/(1/(-55)). Suppose i - d = -i. Calculate the greatest common divisor of 1 and i.
1
Let m = 15 + -10. Let f(p) = 3*p - 5 + 6 + 5. Let l be f(m). Calculate the highest common divisor of l and 7.
7
Let k(z) = -z + 0*z**2 + 6*z + 6*z + 12*z**2 + z**3 + 12. Let o be k(-11). Calculate the greatest common factor of o and 132.
12
Let i be ((-10)/(-4))/(10/20). Suppose z = 5 + i. What is the highest common factor of 10 and z?
10
Let j = -40 - -51. What is the greatest common divisor of 44 and j?
11
Suppose 4*c + 6 = -2*x, -5*c = -3*x - 2*x - 30. Suppose 7 = 2*t - c. Let w be 88*(2 + (-12)/8). Calculate the greatest common factor of w and t.
4
Let d(o) = o + 4*o**2 - o**3 - 3 + 5 - 5*o. Let k be d(2). Let t be (k + 1 - 2) + 19. What is the highest common factor of t and 50?
10
Suppose -12*a + 15*a = 345. What is the greatest common factor of 23 and a?
23
Suppose 5*l + 4*p - 63 = 0, -3*p + 6 = -0*p. Calculate the greatest common factor of 44 and l.
11
Let w(g) = -6*g + 6. Let l be w(-6). Let c = 11 + -5. What is the highest common divisor of l and c?
6
Suppose -3*l = 3*q - q - 36, -2*q - 6 = 0. Let r = -9 + l. Suppose -5*k = 2*i - 46, k - 3*i = 3*k - 14. What is the greatest common divisor of k and r?
5
Let w(x) = -3*x - 7. Let n be w(-13). Calculate the greatest common divisor of n and 112.
16
Let c = 28 - 0. Calculate the greatest common divisor of 7 and c.
7
Let z be (-342)/21 - (-4)/14. Let c be (z/(-6))/((-2)/(-27)). What is the highest common factor of 90 and c?
18
Let c(x) = -8*x + 0 + 2 - 3*x. Let i be c(-2). What is the greatest common divisor of 168 and i?
24
Let l(p) = 6*p + 26. Let b be l(-4). What is the greatest common divisor of 26 and b?
2
Suppose 2*o = 3*a - 2, 1 = 2*a + 3*o - 9. Let c(k) = -2*k**2 + k + 2. Let l be c(2). Let z = l + 6. What is the greatest common factor of a and z?
2
Let g be ((-50)/(-4))/5*30. What is the highest common factor of 15 and g?
15
Suppose -4*s - 2*i + 40 = 0, 0 = -5*s - i + 2*i + 64. What is the greatest common factor of s and 108?
12
Let i be ((-6)/(-8))/(3/636). Let q = i - 47. What is the greatest common factor of 16 and q?
16
Suppose 26*l = 31